(22 + (11 - 20)))?
25
What is the value of -1 - -17 - (34 - (-18 + 57))?
21
What is the value of -2 + 25 + -28 + 15?
10
Evaluate (-8 - -7) + 11 + (-2 - -4).
12
Calculate -1 + 3 + -4 + 2 + 33 + -14.
19
What is (35 - (-15 + 38)) + -1 + -1?
10
Calculate 37 + (29 - (-11 + 73)).
4
Evaluate (6 - ((2 - -9) + -12)) + -6.
1
Calculate 31 - 0 - (23 + 2 + -15).
21
4 - (9 + (4 - 2)) - (-131 + 106)
18
Evaluate 1 + 8 + 9 + -3 + -7.
8
1171 - 1162 - (1 + -16)
24
What is the value of -13 - (-9 + -14 - -6)?
4
-7 - 1 - (-3 - 3 - (-5 - 0))
-7
7 - (4 + 17 - 10) - 27
-31
What is the value of (10 - (3 - 5)) + -35 + 15 + -2?
-10
Calculate 11 + -1 + 8 + (-1 - -1) + -1.
17
What is (11 - (13 - 2)) + 11 + 16?
27
What is the value of -10 + (-19 - -9 - (18 - 18))?
-20
What is the value of 1 + -13 + 0 + (-7489 - -7470)?
-31
What is the value of 1 - -1 - 5 - 5 - 16?
-24
Calculate 0 + -10 - (223 - 216).
-17
What is the value of -16 + 29 - 7 - (-2 + 17)?
-9
What is the value of 26 + 15 + -61 + 19?
-1
Calculate -38 + (-34 - (-23 + -30)).
-19
43 + -45 + (1 - 7) + (2 - 6)
-12
Evaluate 2 + 15 + -4 + -1 + -1.
11
What is (16 - 4) + 1 + (-7 - (-4 + 0))?
10
What is -2 + -14 + 1 + 10?
-5
-12 - (17 + -13 + -20)
4
Calculate 6 + (-15 - (-15 + 16 + 6)).
-16
Calculate 22 + -4 + 7 + -11 + 1.
15
What is the value of -95 + 97 + 15 + 4?
21
0 - 1 - -1 - (-39 + 15 + 5)
19
Calculate -2 - (12 - (14 + -16 + 2)).
-14
What is the value of 6 - (0 - -2) - 7?
-3
What is the value of (-2 - 16) + (-15 - -15) + 6?
-12
What is (15 - 30) + 17 - 17?
-15
Evaluate (2 - (2 + -14)) + -3.
11
-41 - (-3 - (6 - (-5 - -13)) - 3)
-37
Calculate 0 - -4 - (-69 + 123 + -61).
11
What is -20 + 12 + -32 + 24?
-16
Evaluate 2 - ((-5 - -11) + 12 + -10 + 1).
-7
What is the value of (-6 + 11 - 1) + 4 + -11?
-3
What is the value of -17 + 13 + 15 - (-3 - 1 - -12)?
3
Calculate (-1 - 0 - 16) + 28.
11
Evaluate 173 - 166 - (2 - (3 - 10)).
-2
Evaluate -12 + ((0 - 2) + 12 - (-4 + 7)).
-5
15 + (20 + 1 - (-73 + 75))
34
What is 14 + -57 + 40 + (-2 - 0) + 23?
18
What is -4 - 1 - 0 - (134 + -140)?
1
What is the value of -3 + 10 + -2 - 2 - (-1 - -4)?
0
Calculate 2 + 0 + -12 + 9 + -2 + 12.
9
Calculate -14 - (-4 + -10 + 8 + 9).
-17
Evaluate (3 - 5) + (1 - -14).
13
(2 - 9) + (50 - 44) - 2
-3
What is the value of 9 - (-1 + -1 - (16 - 17) - -7)?
3
-12 + (-11 + 6 - -16)
-1
Evaluate (-1 - 6 - (-46 - -40)) + 5.
4
What is -16 + (-1 - -29) + -28 - -28?
12
-20 + (22 - 10) - (-7 - -5)
-6
Evaluate 17 + (-24 - -25) - 32.
-14
What is the value of (2 + -1 - (142 - 150)) + -2?
7
Evaluate -26 - -26 - (2 + 0) - 16 - -4.
-14
Evaluate -4 - (4 + (6 - 11)) - 15.
-18
(0 + -13 - -24) + -23
-12
Calculate -16 + 68 + -68 + -2 + 0 + -2.
-20
Evaluate (-7 + 4 - 1) + (-4 - 7).
-15
What is (13 - (3 + -6) - 7) + -4?
5
Calculate -2 + (0 - -10 - (38 - (-14 - -47))).
3
7 + -13 - -28 - ((-3 - -6) + 5)
14
1 + 1 + (0 + -27 - -16)
-9
Evaluate -4 - -27 - (16 - (14 + -8)).
13
What is 9 + 6 + 3 + -8?
10
What is (9 - (-1 - 9 - -25)) + 6?
0
What is (-7 - -2) + -181 + 178?
-8
-5 + (0 + (-4 - 1) - (20 + -29))
-1
What is -2 + 11 + -11 - -9?
7
What is the value of (-3 - 2) + 8 + -4 + -7?
-8
What is 17 + (-4 - (4 - (-8 - -9))) + -7?
3
Calculate (2 - 8) + 1 + (1 - -4 - 12).
-12
(10 - -2 - (19 - 19)) + -18
-6
What is 16 - (25 - -22 - 18)?
-13
Evaluate (-2 - -11) + (3 - -1) + 1 + 3.
17
-6 - ((-3 + 6 - 8) + 3)
-4
Calculate -8 - (13 + 12 + -17 - (6 - 0)).
-10
What is 14 + (-3 - -6) - (406 + -367)?
-22
What is the value of (-59 - -49) + (3 - -1) + (-6 - 11)?
-23
Calculate -2 - ((10 - -6) + -4) - (1 + -11).
-4
What is (-4 - 2 - (-4 + -12)) + -2?
8
(-56 - -27) + 6 + 36
13
What is the value of 2 + (-50 + 51 - (-7 + (2 - 4)))?
12
What is 30 - (-22 + 17) - 13?
22
What is ((-3 - -10) + -1 - 3) + 0 + -9?
-6
What is (17 - 12) + -7 + 0?
-2
10 - (14 + -17 - 5) - 41
-23
What is -8 - -12 - (13 + -6 + 5)?
-8
What is 162 + -174 - (-13 - -1)?
0
(7 - (16 + -4)) + -1 + 2 + -6
-10
What is (-3 - 20) + 31 - 38?
-30
What is (18 + 16 - 17) + -6?
11
Calculate 1 - (-5 - (-1 + -7 + 3) - 2).
3
Calculate -4 + 16 - (28 + -10).
-6
10 + 5 - (26 + -1)
-10
Calculate (-17 - (-32 - -9)) + (-5 - 8).
-7
What is 34 - (-6 - -18 - -11)?
11
Evaluate -3 + 3 - (2 + 6 + -15 + 0).
7
What is (16 - (-23 + 13 + 0)) + -4 + -1?
21
What is (-4 - (13 - 5 - 27)) + -4?
11
(-11 - -11) + 16 - 13 - (0 + 17)
-14
Calculate -8 + 7 - (9 - -27).
-37
-2 + (10 - 13) + -14
-19
12 - (5 - 3) - (122 + -115)
3
What is the value of -7 + 4 + -3 - (75 - 78)?
-3
Evaluate -21 + 38 + 20 - (2 + 5 + 1).
29
8 + -7 - -2 - (3 - -1)
-1
What is the value of (-18 - -8 - 3) + 2 + -3 + 9?
-5
What is the value of 21 + (-8 - 1) + -19?
-7
What is -21 - -1 - (-26 + 14 + 5)?
-13
Calculate -195 - -209 - (4 + 0).
10
What is -22 - 2 - (-16 + 1)?
-9
41 - 39 - (22 - ((4 - 0) + -5))
-21
26 - 28 - 2 - ((1 - 0) + -7)
2
What is 2 + -1 + 3 + -2 + (-501 - -499)?
0
(55 - 44) + 0 + -11
0
Evaluate 5 - (-2 + 9 + -18) - 3.
13
(14 - (18 + -8 + -1)) + 2 + -30
-23
Evaluate -26 + 18 + -2 - (-36 + 0) - -1.
27
Evaluate 20 + 4 + -12 + 1 + -1.
12
What is -7 - (-28 + 31 + -7 + 2 + -3)?
-2
Evaluate 886 + -881 + (0 - -18).
23
What is 13 + 45 + -15 + -48?
-5
What is 9 - (38 - 33 - (-4 - 6 - 3))?
-9
0 + (20 - 10 - 2)
8
Evaluate (9 + -25 - -19) + -13 + 1.
-9
(-14 - (-7 - -25)) + 18
-14
What is the value of 5 - 3 - (-5 + (-3 - -8))?
2
-11 - -5 - (8 - 18 - -16)
-12
What is (-37 + 8 - -15 - -16) + 7?
9
Calculate (3 - (19 - 32)) + (-6 - 0).
10
-11 + -15 - -9 - (10 + -9 + 6)
-24
Calculate -224 + 202 + (-1 - -12) + -10.
-21
Evaluate 20 + -6 - ((-1 - 3) + (-10 - -7)).
21
Calculate (-1 - 12) + 1 - (7741 + -7771).
18
(-5 - -18) + -4 - (-25 + 25) - -12
21
Calculate 39 + -33 + (-12 - 1) - (-1 - 1).
-5
Calculate -12 + -7 + -1 + 46.
26
Evaluate -1 + 8 - ((-11 - (-12 + -10)) + 0).
-4
(2 - 19) + (-62 - -93)
14
What is (1 - (-3 - 0)) + 8 - (7 - 1)?
6
What is the value of 22 - (27 - (28 - 16))?
7
-88 + 77 + (18 - (-3 - 1))
11
Evaluate (0 + 1 - 9) + 11 + (-33 - 6).
-36
What is the value of 1 - (6 - (-1 - (6 + -15)))?
3
(-2 - 4) + (3 - (-3 - -2))
-2
What is 16 - ((0 + -4 - (-17 - -18)) + 9)?
12
(48 - 15) + -21 - (-2 + 25 + 1)
-12
Calculate (57 + -67 - (0 + 27)) + 10 + -1.
-28
Evaluate 13 + -11 + (10 - (10 - -9)).
-7
What is the value of 18 - (153 - 157 - ((0 - -1) + -4))?
19
Evaluate -7 - (10 - -6) - -9 - 1.
-15
-1 - -14 - (-13 + 4 + 15)
7
13 - (12 + (-11 - (7 - -7)))
26
Evaluate -27 + -17 + 64 + 0.
20
What is the value of 46 + -64 + 41 - 20?
3
(30 + -34 - -5) + 15
16
What is 10 - (26 + 0 + 9 + -2 + -14)?
-9
Evaluate -6 - -1 - (86 - 79).
-12
0 - (2 - -1) - (-268 - -263)
2
What is -5 + (1 - 3) + 9?
2
What is -10 + -2 + (22 - 1)?
9
What is 6 + 8 + -9 + -8?
-3
What is -21 + 11 + 12 + -29?
-27
What is the value of -6 + -26 - (-124 - -88)?
4
Evaluate (7 - 6 - (-5 + 37)) + (-2 - -5).
-28
Calculate -9 + 0 - (26 + -28 + 7).
-14
What is (15 - (-3 - -3)) + -3 + -4 + -3?
5
Calculate 0 - -3 - ((-56 - -30) + 27) - 34.
-32
Calculate (4 - (-9 + 13)) + 0 + 0.
0
Calculate 0 + -39 - ((27 - -23) + -64).
-25
What is 7 + 0 + (-6 - ((-5 - -11) + 7))?
-12
What is the value of 18 + (-2 - 21) + 11 - (34 + 0)?
-28
Calculate 7 - ((-14 - -9) + 1).
11
Calculate -392 + 371 + 10 + -1.
-12
What is -3 + (6 - 19 - (1 - -3))?
-20
Evaluate 32 + 2 + -22 + -23.
-11
(-360 - -360 - (13 - -1)) + 17
3
Evaluate -21 + 15 + -20 - -22 - (-9 + -1).
6
What is the value of 5 - (-6 + -3 + 2 + 1 + -6)?
17
What is the value of (-1 - 1 - 5) + 1 + (12 - 11)?
-5
What is the value of -21 - -3 - (20 - 35)?
-3
What is the value of (-1 - (0 + -2)) + -1052 + 1064?
13
(14 - 22) + 19 + -22
-11
What is -4 - -13 - -8 - -8?
25
Calculate -12 + ((18 - -1) + -33 - -5).
-21
What is (-43 - -6) + (-5 - -44)?
2
5 - (5 + -1) - -7
8
(-120 - -56) + (33 - -2)
-29
(4 - 16) + 18 + 0
6
What is -12 + 4 + (-38 - -44)?
-2
-4 + 4 + -6 + (-15 + 13 - 2)
-10
Evaluate 0 - 13 - (-93 + 98) - -13.
-5
What is the value of (-2 - -4) + -13 + (19 - (51 + -44))?
1
-50 - -71 - (0 + 38)
-17
What is the value of -9 + (7 - (2 - 6 - -5))?
-3
-17 - 5 - (5 - (3 - -8))
-16
What is the value of (-12 - -3) + (185 - 152)?
24
What is -22 + (7 - (-3 - (-26 - -5 - -8)))?
-25
What is the value of 41 - 16 - 8 - (0 - (2 + -3))?
16
Calculate 1 + 3 + -1 + -7 + -9 + 8.
-5
4 + (4 - -3 - 5) - (14 - 14)
6
Calculate 1 + (-3 - -2) - (-2 - (2 - 12)).
